{"id":2306,"date":"2026-03-24T13:11:41","date_gmt":"2026-03-24T12:11:41","guid":{"rendered":"https:\/\/ardeco.boutique\/?post_type=product&#038;p=2306"},"modified":"2026-03-24T13:17:03","modified_gmt":"2026-03-24T12:17:03","slug":"bracelet-yellow","status":"publish","type":"product","link":"https:\/\/ardeco.boutique\/de\/shop\/bracelets\/bracelet-yellow\/","title":{"rendered":"Bracelet Yellow"},"content":{"rendered":"<p>ARDECO YELLOW ist eine unserer Modefarben 2026-27. Diese Farbe passt perfekt zu Ihrem SOMMER OUTFIT!<\/p>\n<p>Dieses Armband ist handgef\u00e4delt mit viel LIEBE aus 440 Miyuki Glas Kugeln in Latein Amerika. Es ist ein echtes Meisterst\u00fcck: leicht, angenehm zu tragen und es hat einen flexiblen Ziehverschluss f\u00fcr alle Handgelenksgr\u00f6\u00dfen.<\/p>","protected":false},"excerpt":{"rendered":"<p>Hand threaded Miyuki Bracelet out of 440 glass pearls with flexible pull closure for all wrist sizes. Have a look at the actual fashion colors of ARDECO at <a href=\"https:\/\/www.instagram.com\/p\/DPLvQbPDAak\/?utm_source=ig_web_copy_link&amp;igsh=MzRlODBiNWFlZA==\">GO TO ARDECO ON INSTA<\/a><\/p>","protected":false},"featured_media":2307,"comment_status":"open","ping_status":"closed","template":"","meta":{"_crdt_document":"","advanced_seo_description":"","jetpack_seo_html_title":"","jetpack_seo_noindex":false,"jetpack_publicize_message":"","jetpack_publicize_feature_enabled":true,"jetpack_social_post_already_shared":true,"jetpack_social_options":{"image_generator_settings":{"template":"highway","default_image_id":0,"font":"","enabled":false},"version":2},"_wpas_customize_per_network":false},"product_brand":[],"product_cat":[1377],"product_tag":[1378,1414,1417],"class_list":{"0":"post-2306","1":"product","2":"type-product","3":"status-publish","4":"has-post-thumbnail","6":"product_cat-bracelets","7":"product_tag-bracelet","8":"product_tag-miyuki","9":"product_tag-yellow","11":"first","12":"instock","13":"taxable","14":"shipping-taxable","15":"purchasable","16":"product-type-simple"},"exclude_global_add_ons":[],"addons":[],"jetpack_publicize_connections":[],"jetpack_sharing_enabled":true,"jetpack_likes_enabled":true,"_links":{"self":[{"href":"https:\/\/ardeco.boutique\/de\/wp-json\/wp\/v2\/product\/2306","targetHints":{"allow":["GET"]}}],"collection":[{"href":"https:\/\/ardeco.boutique\/de\/wp-json\/wp\/v2\/product"}],"about":[{"href":"https:\/\/ardeco.boutique\/de\/wp-json\/wp\/v2\/types\/product"}],"replies":[{"embeddable":true,"href":"https:\/\/ardeco.boutique\/de\/wp-json\/wp\/v2\/comments?post=2306"}],"wp:featuredmedia":[{"embeddable":true,"href":"https:\/\/ardeco.boutique\/de\/wp-json\/wp\/v2\/media\/2307"}],"wp:attachment":[{"href":"https:\/\/ardeco.boutique\/de\/wp-json\/wp\/v2\/media?parent=2306"}],"wp:term":[{"taxonomy":"product_brand","embeddable":true,"href":"https:\/\/ardeco.boutique\/de\/wp-json\/wp\/v2\/product_brand?post=2306"},{"taxonomy":"product_cat","embeddable":true,"href":"https:\/\/ardeco.boutique\/de\/wp-json\/wp\/v2\/product_cat?post=2306"},{"taxonomy":"product_tag","embeddable":true,"href":"https:\/\/ardeco.boutique\/de\/wp-json\/wp\/v2\/product_tag?post=2306"}],"curies":[{"name":"wp","href":"https:\/\/api.w.org\/{rel}","templated":true}]}}

<p>ARDECO YELLOW ist eine unserer Modefarben 2026-27. Diese Farbe passt perfekt zu Ihrem SOMMER OUTFIT!</p>
<p>Dieses Armband ist handgefädelt mit viel LIEBE aus 440 Miyuki Glas Kugeln in Latein Amerika. Es ist ein echtes Meisterstück: leicht, angenehm zu tragen und es hat einen flexiblen Ziehverschluss für alle Handgelenksgrößen.</p>
